nd h.
11
Suppose 5*p + a - 550 = 0, -2*p - 2*a - 2*a + 220 = 0. Calculate the greatest common divisor of 33 and p.
11
Suppose -2*s + r = -11, 0 = -s + 3*r + 4 + 4. Suppose 3*y = 29 + 31. What is the highest common divisor of s and y?
5
Suppose 13 = x + 2*x - k, -5*x + k + 19 = 0. Suppose 0 = -5*w + 57 + x. What is the highest common factor of 84 and w?
12
Suppose -4*j + 3 = -17. What is the highest common divisor of 20 and j?
5
Suppose -96 = -4*a + 2*w, 5*a + 4*w - 90 = -w. What is the greatest common divisor of a and 154?
22
Let a(x) = 3*x - 3. Let f be a(2). Let y be ((-66)/f)/((-6)/39). What is the greatest common divisor of y and 13?
13
Let z = -92 + 235. Let k be (2/3)/((-10)/(-195)). What is the greatest common factor of z and k?
13
Let x = -30 - -36. Calculate the greatest common divisor of 6 and x.
6
Let w(q) = 3*q**2 - 9*q + 2. Let f be w(4). Calculate the highest common divisor of 112 and f.
14
Suppose -3*u + 550 = 46. What is the greatest common factor of 21 and u?
21
Suppose 0 = 2*d - 4*y - 26, 5*d + 3*y - 6*y - 30 = 0. Let s(q) be the first derivative of q**2 + 1. Let n be s(d). What is the highest common factor of n and 2?
2
Let p be (22/(-3))/(2/(-6)). Let u(j) = -j**3 + 6*j**2 - 8*j + 7. Let w be u(5). Let c be (0 + -6)/(w/44). What is the highest common factor of p and c?
11
Let x be (2/6)/(2/12). Let v(j) = -4*j - 1. Let k be v(-4). Suppose x*w = 3*w - k. What is the highest common factor of w and 6?
3
Let x(u) = -u**3 + 2*u**2 + 3*u + 3. Let z be x(3). Suppose -d + 55 = -2*n, n = -2*d + z*n + 118. What is the highest common divisor of 42 and d?
21
Let d be (12/(-9))/((-2)/57). Let h(a) = -2*a + 8. Let t be h(7). Let n be (-3)/9 - 344/t. What is the greatest common divisor of n and d?
19
Suppose 3 = 5*k - 4*u, 0*u + u = 3. Suppose -k*a + i + 71 = 0, 27 = -3*a + 4*a + 3*i. Let c = -18 - -42. What is the highest common divisor of a and c?
24
Suppose 3*b - 1203 = s, -6*s - b = -s + 5983. Let n = 845 + s. Let g be 2/(-5) + n/(-5). Calculate the highest common divisor of 10 and g.
10
Let c(y) = -y**3 + 2*y**2 - 2*y + 8. Let f be c(6). Let l = -106 - f. Let u = l - 30. Calculate the greatest common factor of 18 and u.
6
Let r = 6 - 5. Suppose -3*t = -14 - r. Suppose 4*n = 2*l + 126, -n + 4*n = t*l + 105. Calculate the highest common factor of 10 and n.
10
Suppose -x = -5*x + 16. Let z be (-36)/(-12) - (-2 + (-1 - -2)). Calculate the highest common divisor of z and x.
4
Let o be 36/(3*3/24). Calculate the highest common divisor of o and 12.
12
Let s = 142 + -40. Suppose 4*h + 38 = s. What is the greatest common factor of h and 8?
8
Suppose 2601 = 5*t + 701. Suppose 0 = -3*b - 2*b + t. Calculate the highest common divisor of b and 19.
19
Let a be (7/(-28)*4)/(2/(-132)). What is the greatest common divisor of a and 6?
6
Suppose 3*s = i - 111, -i - 5*s + 167 = i. Calculate the highest common factor of i and 48.
48
Suppose -3*u + q + 10 = 0, 4*q = 2*u - u + 15. Let c = -19 - -29. Calculate the highest common divisor of u and c.
5
Let h be ((-6)/5)/((-2)/20). Suppose 0 = -421*u + 436*u - 90. What is the highest common divisor of u and h?
6
Let a be (5/(-15))/(2/(-12)). Let f be a/(-3)*(-15)/1. Calculate the greatest common factor of f and 90.
10
Suppose -3*n + 20 = -4*w, 5*w = 30 - 10. Suppose 2*z = -2*z + n. Suppose c = 4, 0 = s - 2*s - c + 10. What is the greatest common factor of z and s?
3
Suppose -2*w + 42 = -2*k + 122, -55 = -k - 2*w. Let p be (-6 - (-15 + 2))*(-60)/(-14). What is the greatest common divisor of k and p?
15
Suppose -3*h - 7 = -19. Let v = -15 - -45. Suppose -3*b + 3*z + v = 5*z, -2*b + 4 = -4*z. What is the greatest common factor of h and b?
4
Suppose -4*u + 5*k = -133, 5*u - 3*k - 155 = -8*k. Calculate the greatest common divisor of u and 16.
16
Suppose 0 = -2*k - 2*k - 3*b + 264, -k + 4*b = -47. Suppose 3 = w - 10. Let p = w + -4. Calculate the greatest common divisor of p and k.
9
Let k(p) = 11*p - 25. Let l be k(8). Calculate the highest common factor of 9 and l.
9
Let w = -41 - -59. What is the greatest common factor of 6 and w?
6
Let h(y) be the second derivative of y**4/12 - y**3/3 + 2*y**2 + 2*y. Let o be h(4). Calculate the highest common factor of o and 60.
12
Suppose -5*c + 0*c + 180 = 0. Suppose c = 5*x - 44. What is the highest common factor of x and 144?
16
Let j be (2 - 20)/((-32)/48). Let t be (2 - 1/(-4))*4. What is the greatest common divisor of j and t?
9
Let k = 3 + -1. Suppose 0 = -k*c - c + 2*g + 122, -g + 44 = c. Let l = -237 - -243. Calculate the greatest common divisor of c and l.
6
Let y be -20 + 0 - (-1 - -2). Let o = 73 - 129. Let b = y - o. Calculate the highest common divisor of 14 and b.
7
Let u(r) = -3*r**3 + 3*r**2 + 5*r + 2. Let y be u(-2). Calculate the greatest common factor of 4 and y.
4
Suppose o - 23 = 67. Let f(a) = 9*a + 1. Let p(h) = -2*h - 1. Let k be p(-1). Let y be f(k). What is the greatest common factor of o and y?
10
Let a(p) = -7*p - 44. Let v be a(-22). Calculate the greatest common divisor of v and 20.
10
Suppose -3*a - 28 = -4*t, 3*t + 1 = 3*a + 25. Suppose 0 = -t*z - z + 740. Suppose 72 = 2*q - z. Calculate the highest common factor of q and 10.
10
Let b be ((-36)/(-2))/((8/(-3))/(-4)). Calculate the highest common factor of b and 45.
9
Suppose 3*k - 5*d = 67, 0*d - 4*d + 11 = k. Let n = k + 3. What is the greatest common divisor of n and 2?
2
Suppose -101 = -2*g - 0*d - 3*d, -153 = -3*g - 3*d. What is the highest common divisor of 468 and g?
52
Let s(n) = -n**3 + 1. Suppose 0*m + 10 = -2*m. Let o be (4/6)/(m/15). Let j be s(o). Calculate the greatest common factor of 72 and j.
9
Let h(q) = q + 7. Let c be h(-5). Let r be 28/(2/c*2). What is the highest common divisor of r and 35?
7
Let h be 6*(0 + 0 + (-24)/(-9)). Calculate the highest common factor of 144 and h.
16
Let x(d) = 5*d**3 + d**2 - d + 1. Suppose 9 = 5*r - 4*k, 0 = 4*r + 3*k - 3 + 2. Let i be x(r). Calculate the highest common divisor of 30 and i.
6
Suppose 0 = -x + 5*q + 31, 2 = -x - 5*q - 7. Calculate the highest common divisor of 55 and x.
11
Let c be -1 - (-3 - (-3 - -14)). Calculate the highest common factor of 26 and c.
13
Suppose -10 + 115 = 5*x. Suppose 4*m + s - 934 = -s, -3*m + 698 = s. Calculate the greatest common divisor of m and x.
21
Suppose 4*b = 8*b + 2*v - 66, 4*b = -v + 65. Calculate the highest common factor of b and 80.
16
Let l(r) = -18*r - 3. Suppose 2*k + 4*n = 4, 2*k + 2 + 6 = -n. Let y be l(k). Let d be (-15 - 0/1)*-1. Calculate the highest common factor of d and y.
15
Suppose 5*i = 3*s + 3 + 92, 0 = 3*i - s - 53. Let z = 23 + 17. What is the greatest common factor of i and z?
8
Suppose 120 = 4*k - 5*r, 30 = -3*k + 4*k + 2*r. Let j be (45/6)/((-2)/(-12)). Calculate the greatest common divisor of k and j.
15
Suppose -55 = -4*g - g. Suppose 0 = -14*d + g*d + 165. Suppose 1 = -4*l + 21. Calculate the greatest common factor of d and l.
5
Suppose 0*l + 5*l = 25. Suppose 2*q + 2 = 3*m, l*q - 4*m - 5 = 4. Calculate the greatest common factor of 5 and q.
5
Suppose y + 2*y - 72 = 0. Calculate the greatest common divisor of y and 3.
3
Let n(p) = 8*p**2 - 2*p. Let s be n(4). Suppose -2*r = -2*q + 25 + 35, -2*r = -4*q + s. Calculate the highest common factor of q and 10.
10
Suppose -2*h + 14 = 4*v, 3*h = -10*v + 5*v + 17. Let w be v/(-3)*(-29 - -2). Calculate the greatest common divisor of w and 54.
18
Let u = 3 - 1. Let h be u/(-5) + 44/10. Let w be (-8)/16 - (-46)/h. Calculate the greatest common factor of 33 and w.
11
Let z(f) = -6*f**3 + f. Let x be (1 + -2)/(2 - 1). Let i be z(x). What is the highest common divisor of i and 2?
1
Let h(t) = t**3 + 5*t**2 + 4*t + 2. Let u be h(-3). Suppose d = -2*d + 216. Calculate the highest common factor of u and d.
8
Let z be ((-9)/(-4))/(4/16). What is the greatest common divisor of z and 99?
9
Let n(a) = 36*a**2 + a - 1. Let v be n(1). Let g be 5/((-10)/(-1)) + 46/4. What is the highest common factor of g and v?
12
Suppose -b - 134 = -3*t + 3*b, -2*t - 5*b + 74 = 0. What is the highest common divisor of t and 105?
21
Suppose -116 = -5*h - 16. What is the highest common divisor of h and 70?
10
Let l(a) = a**3 + 5*a**2 - a - 2. Let g be l(4). Let f be -168*-5*2/8. Let r = f - g. What is the greatest common divisor of r and 9?
9
Let u(m) = -4*m